{"id":29,"date":"2026-02-22T20:39:01","date_gmt":"2026-02-22T20:39:01","guid":{"rendered":"https:\/\/premortem.pl\/?page_id=29"},"modified":"2026-02-22T20:39:01","modified_gmt":"2026-02-22T20:39:01","slug":"o-blogu","status":"publish","type":"page","link":"https:\/\/premortem.pl\/?page_id=29","title":{"rendered":"O blogu"},"content":{"rendered":"\n<p><strong>\u201eZdrowy Wypoczynek\u201d<\/strong> to blog o podr\u00f3\u017cach, kt\u00f3re <strong>naprawd\u0119 regeneruj\u0105<\/strong> &#8211; nie tylko daj\u0105 \u0142adne zdj\u0119cia, ale te\u017c poprawiaj\u0105 samopoczucie i pomagaj\u0105 wr\u00f3ci\u0107 do formy. Pisz\u0119 o uzdrowiskach, sanatoriach i SPA w Polsce, pokazuj\u0105c je jako \u015bwietn\u0105 alternatyw\u0119 dla klasycznego urlopu. Znajdziesz tu tematy takie jak: Busko-Zdr\u00f3j i jego klimat, jak wybra\u0107 nocleg pod swoje potrzeby, dlaczego pobyt leczniczy mo\u017ce by\u0107 dobrym pomys\u0142em tak\u017ce dla m\u0142odszych os\u00f3b, oraz jak wsp\u00f3lny relaks w SPA wp\u0142ywa na zwi\u0105zek.<br>Na blogu stawiam na:<\/p>\n\n\n\n<ul class=\"wp-block-list\">\n<li>inspiracje miejsc: gdzie pojecha\u0107 i dlaczego<\/li>\n\n\n\n<li>zabiegi i strefy wellness: co daje sauna, jacuzzi, masa\u017c<\/li>\n\n\n\n<li>zdrowie: detoks, oddech, kr\u0105\u017cenie, redukcja stresu<\/li>\n\n\n\n<li>praktyczne wskaz\u00f3wki: jak wybra\u0107 o\u015brodek i pobyt<br>Ma by\u0107 przyjemnie, ale te\u017c sensownie &#8211; \u017ceby\u015b wraca\u0142(a) z wyjazdu z now\u0105 energi\u0105<\/li>\n<\/ul>\n","protected":false},"excerpt":{"rendered":"<p>\u201eZdrowy Wypoczynek\u201d to blog o podr\u00f3\u017cach, kt\u00f3re naprawd\u0119 regeneruj\u0105 &#8211; nie tylko daj\u0105 \u0142adne zdj\u0119cia, ale te\u017c poprawiaj\u0105 samopoczucie i pomagaj\u0105 wr\u00f3ci\u0107 do formy. Pisz\u0119 o uzdrowiskach, sanatoriach i SPA w Polsce, pokazuj\u0105c je jako \u015bwietn\u0105 alternatyw\u0119 dla klasycznego urlopu. Znajdziesz tu tematy takie jak: Busko-Zdr\u00f3j i jego klimat, jak wybra\u0107 nocleg pod swoje potrzeby, [&hellip;]<\/p>\n","protected":false},"author":1,"featured_media":0,"parent":0,"menu_order":0,"comment_status":"closed","ping_status":"closed","template":"","meta":{"footnotes":""},"class_list":["post-29","page","type-page","status-publish","hentry"],"_links":{"self":[{"href":"https:\/\/premortem.pl\/index.php?rest_route=\/wp\/v2\/pages\/29","targetHints":{"allow":["GET"]}}],"collection":[{"href":"https:\/\/premortem.pl\/index.php?rest_route=\/wp\/v2\/pages"}],"about":[{"href":"https:\/\/premortem.pl\/index.php?rest_route=\/wp\/v2\/types\/page"}],"author":[{"embeddable":true,"href":"https:\/\/premortem.pl\/index.php?rest_route=\/wp\/v2\/users\/1"}],"replies":[{"embeddable":true,"href":"https:\/\/premortem.pl\/index.php?rest_route=%2Fwp%2Fv2%2Fcomments&post=29"}],"version-history":[{"count":1,"href":"https:\/\/premortem.pl\/index.php?rest_route=\/wp\/v2\/pages\/29\/revisions"}],"predecessor-version":[{"id":30,"href":"https:\/\/premortem.pl\/index.php?rest_route=\/wp\/v2\/pages\/29\/revisions\/30"}],"wp:attachment":[{"href":"https:\/\/premortem.pl\/index.php?rest_route=%2Fwp%2Fv2%2Fmedia&parent=29"}],"curies":[{"name":"wp","href":"https:\/\/api.w.org\/{rel}","templated":true}]}}